{"id":15,"date":"2014-10-19T09:33:54","date_gmt":"2014-10-19T09:33:54","guid":{"rendered":"http:\/\/www.knzpb.il.pw.edu.pl\/knzpb?page_id=15"},"modified":"2014-10-28T20:53:24","modified_gmt":"2014-10-28T20:53:24","slug":"partnerzy","status":"publish","type":"page","link":"https:\/\/www.knzpb.il.pw.edu.pl\/?page_id=15","title":{"rendered":"Partnerzy"},"content":{"rendered":"<p>Wsp\u00f3\u0142pracujemy z firmami nale\u017c\u0105cymi do czo\u0142\u00f3wki bran\u017cy budowlanej. Zaliczaj\u0105 si\u0119 do nich biura projektowe, firmy wykonawcze oraz firmy zarz\u0105dzaj\u0105ce projektami.<\/p>\n<p>Dzia\u0142amy wsp\u00f3lnie r\u00f3wnie\u017c z zaprzyja\u017anionymi ko\u0142ami naukowymi z Politechniki Krakowskiej <strong>(<a href=\"http:\/\/www.facebook.com\/sknob.wil.pk\" target=\"_blank\">SKNOB<\/a>)<\/strong> oraz Politechniki Wroc\u0142awskiej (<strong><a href=\"http:\/\/www.etaksi.pwr.wroc.pl\" target=\"_blank\">Etaksi<\/a>)<\/strong>, kt\u00f3re tak\u017ce\u00a0zainteresowane s\u0105 tematyk\u0105 zarz\u0105dzania projektami.<\/p>\n<p>W ramach podpisanych porozumie\u0144 wsp\u00f3\u0142pracujemy z <strong><a href=\"http:\/\/www.maz.piib.org.pl\" target=\"_blank\"><em>Mazowieck\u0105 Izb\u0105 In\u017cynier\u00f3w Budowlanych<\/em> <\/a><\/strong>oraz <strong><a href=\"http:\/\/www.psmb.pl\" target=\"_blank\"><em>Polskim Stowarzyszeniem Mened\u017cer\u00f3w Budownictwa.<\/em><\/a><\/strong><\/p>\n","protected":false},"excerpt":{"rendered":"<p>Wsp\u00f3\u0142pracujemy z firmami nale\u017c\u0105cymi do czo\u0142\u00f3wki bran\u017cy budowlanej. Zaliczaj\u0105 si\u0119 do nich biura projektowe, firmy wykonawcze oraz firmy zarz\u0105dzaj\u0105ce projektami. Dzia\u0142amy wsp\u00f3lnie r\u00f3wnie\u017c z zaprzyja\u017anionymi ko\u0142ami naukowymi z Politechniki Krakowskiej (SKNOB) oraz Politechniki Wroc\u0142awskiej (Etaksi), kt\u00f3re tak\u017ce\u00a0zainteresowane s\u0105 tematyk\u0105 zarz\u0105dzania projektami. W ramach podpisanych porozumie\u0144 wsp\u00f3\u0142pracujemy z Mazowieck\u0105 Izb\u0105 In\u017cynier\u00f3w Budowlanych oraz Polskim Stowarzyszeniem Mened\u017cer\u00f3w [&hellip;]<\/p>\n","protected":false},"author":1,"featured_media":0,"parent":0,"menu_order":0,"comment_status":"closed","ping_status":"closed","template":"","meta":{"ngg_post_thumbnail":0},"_links":{"self":[{"href":"https:\/\/www.knzpb.il.pw.edu.pl\/index.php?rest_route=\/wp\/v2\/pages\/15"}],"collection":[{"href":"https:\/\/www.knzpb.il.pw.edu.pl\/index.php?rest_route=\/wp\/v2\/pages"}],"about":[{"href":"https:\/\/www.knzpb.il.pw.edu.pl\/index.php?rest_route=\/wp\/v2\/types\/page"}],"author":[{"embeddable":true,"href":"https:\/\/www.knzpb.il.pw.edu.pl\/index.php?rest_route=\/wp\/v2\/users\/1"}],"replies":[{"embeddable":true,"href":"https:\/\/www.knzpb.il.pw.edu.pl\/index.php?rest_route=%2Fwp%2Fv2%2Fcomments&post=15"}],"version-history":[{"count":9,"href":"https:\/\/www.knzpb.il.pw.edu.pl\/index.php?rest_route=\/wp\/v2\/pages\/15\/revisions"}],"predecessor-version":[{"id":597,"href":"https:\/\/www.knzpb.il.pw.edu.pl\/index.php?rest_route=\/wp\/v2\/pages\/15\/revisions\/597"}],"wp:attachment":[{"href":"https:\/\/www.knzpb.il.pw.edu.pl\/index.php?rest_route=%2Fwp%2Fv2%2Fmedia&parent=15"}],"curies":[{"name":"wp","href":"https:\/\/api.w.org\/{rel}","templated":true}]}}